{"id":4,"date":"2008-07-08T04:54:18","date_gmt":"2008-07-08T09:54:18","guid":{"rendered":"http:\/\/joysgolden.de\/wordpress\/?page_id=4"},"modified":"2022-11-14T13:57:55","modified_gmt":"2022-11-14T18:57:55","slug":"home","status":"publish","type":"page","link":"https:\/\/www.joysgolden.de\/","title":{"rendered":"Home Page"},"content":{"rendered":"\n<h3 class=\"wp-block-heading\">Zwinger &#8222;of Joys Golden Genesis&#8220;<\/h3>\n\n\n\n<figure class=\"wp-block-image size-full\"><a href=\"https:\/\/www.joysgolden.de\/wp-content\/uploads\/2019\/02\/dsc_0032.jpg\"><img loading=\"lazy\" decoding=\"async\" width=\"640\" height=\"428\" src=\"https:\/\/www.joysgolden.de\/wp-content\/uploads\/2019\/02\/dsc_0032.jpg\" alt=\"\" class=\"wp-image-562\" srcset=\"https:\/\/www.joysgolden.de\/wp-content\/uploads\/2019\/02\/dsc_0032.jpg 640w, https:\/\/www.joysgolden.de\/wp-content\/uploads\/2019\/02\/dsc_0032-300x201.jpg 300w\" sizes=\"auto, (max-width: 640px) 100vw, 640px\" \/><\/a><\/figure>\n\n\n\n<h3 class=\"wp-block-heading\">Herzlich Willkommen auf unserer Website.<\/h3>\n\n\n\n<p>Sie finden hier alle Informationen rund um unseren Zwinger sowie alle Neuigkeiten. Wenn Sie Fragen haben oder weitere Informationen m\u00f6chten, freuen wir uns, wenn Sie mit uns <a href=\"https:\/\/joysgolden.de\/?page_id=10\">Kontakt<\/a> aufnehmen.<\/p>\n\n\n<p style=\"text-align: center;\"><!-- Beginn Counter-Up.de Code - \u00c4nderungen f\u00fchren zu L\u00f6schung --><\/p>","protected":false},"excerpt":{"rendered":"<p>Zwinger &#8222;of Joys Golden Genesis&#8220; Herzlich Willkommen auf unserer Website. Sie finden hier alle Informationen rund um unseren Zwinger sowie alle Neuigkeiten. Wenn Sie Fragen haben oder weitere Informationen m\u00f6chten, freuen wir uns, wenn Sie mit uns Kontakt aufnehmen.<\/p>\n","protected":false},"author":2,"featured_media":0,"parent":0,"menu_order":100,"comment_status":"closed","ping_status":"open","template":"","meta":{"ngg_post_thumbnail":0,"footnotes":""},"class_list":["post-4","page","type-page","status-publish","hentry"],"_links":{"self":[{"href":"https:\/\/www.joysgolden.de\/index.php?rest_route=\/wp\/v2\/pages\/4","targetHints":{"allow":["GET"]}}],"collection":[{"href":"https:\/\/www.joysgolden.de\/index.php?rest_route=\/wp\/v2\/pages"}],"about":[{"href":"https:\/\/www.joysgolden.de\/index.php?rest_route=\/wp\/v2\/types\/page"}],"author":[{"embeddable":true,"href":"https:\/\/www.joysgolden.de\/index.php?rest_route=\/wp\/v2\/users\/2"}],"replies":[{"embeddable":true,"href":"https:\/\/www.joysgolden.de\/index.php?rest_route=%2Fwp%2Fv2%2Fcomments&post=4"}],"version-history":[{"count":21,"href":"https:\/\/www.joysgolden.de\/index.php?rest_route=\/wp\/v2\/pages\/4\/revisions"}],"predecessor-version":[{"id":798,"href":"https:\/\/www.joysgolden.de\/index.php?rest_route=\/wp\/v2\/pages\/4\/revisions\/798"}],"wp:attachment":[{"href":"https:\/\/www.joysgolden.de\/index.php?rest_route=%2Fwp%2Fv2%2Fmedia&parent=4"}],"curies":[{"name":"wp","href":"https:\/\/api.w.org\/{rel}","templated":true}]}}