{"id":877,"date":"2024-02-12T11:41:01","date_gmt":"2024-02-12T16:41:01","guid":{"rendered":"https:\/\/www.joysgolden.de\/?page_id=877"},"modified":"2026-03-19T13:56:12","modified_gmt":"2026-03-19T18:56:12","slug":"welpen-g-wurf","status":"publish","type":"page","link":"https:\/\/www.joysgolden.de\/?page_id=877","title":{"rendered":"Welpen | G-Wurf"},"content":{"rendered":"\r\n\r\n\r\n<p><strong>18.03.2026&nbsp;<\/strong>Hilas und Joy haben Hochzeit gefeiert. Wir sind happy!!! Nun hei\u00dft es warten, bis in 4 Wochen die Ultraschalluntersuchung folgt.<\/p>\r\n<p><strong>10.03.2026 &nbsp;<\/strong><a href=\"https:\/\/drc.de\/adr\/listen\/show_druede.php?what=Huendinnen&amp;rvid=172560&amp;race=Golden%20Retriever\">Joy<\/a> ist seit Montag l\u00e4ufig. Der R\u00fcde steht nun auch fest. Es ist <a href=\"https:\/\/drc.de\/adr\/listen\/show_druede.php?what=Rueden&amp;rvid=150340&amp;race=Golden%20Retriever\">Limetrees Golden Hilas. <\/a><\/p>\r\n<p><strong>&nbsp;<\/strong><\/p>\r\n<p class=\"has-text-align-center\" style=\"text-align: center;\">Wenn Sie Interesse an einem Welpen haben, k\u00f6nnen Sie gern mit uns in Kontakt treten. Wir freuen uns wenn Sie uns vorab eine Email senden, in welcher Sie sich kurz vorstellen. Wir melden uns dann umgehend zur\u00fcck. Sobald die Tr\u00e4chtigkeit best\u00e4tigt ist, vereinbaren wir mit Ihnen einen Termin f\u00fcr ein pers\u00f6nliches Kennenlernen. Erst danach werden wir eine Entscheidung treffen.<\/p>\r\n\r\n\r\n\r\n<p class=\"has-text-align-center\" style=\"text-align: center;\">Telefon: 0152-31763268<br>E-Mail: <a href=\"mailto:jeannine.pruefer@email.de\">jeannine.pruefer@email.de<\/a><\/p>\r\n\r\n\r\n\r\n<p class=\"has-text-align-center\" style=\"text-align: center;\">Wir freuen uns auf Ihre Nachricht.<\/p>\r\n\r\n\r\n\r\n<h3 class=\"wp-block-heading\"><strong><a href=\"https:\/\/drc.de\/adr\/listen\/show_druede.php?what=Huendinnen&amp;rvid=172560&amp;race=Golden%20Retriever\">Elly Joy of Joys golden Genesis<\/a><a href=\"https:\/\/www.joysgolden.de\/wp-content\/uploads\/2025\/08\/IMG_9295.heic\"><img decoding=\"async\" class=\"alignnone wp-image-897\" src=\"https:\/\/www.joysgolden.de\/wp-content\/uploads\/2025\/08\/IMG_9295.heic\" alt=\"\" height=\"1024\"><\/a><\/strong><\/h3>\r\n<h3><a href=\"https:\/\/drc.de\/adr\/listen\/show_druede.php?what=Rueden&amp;rvid=150340&amp;race=Golden%20Retriever\"><strong>Limetrees Golden Hilas<\/strong><\/a><\/h3>\r\n<p><strong><img loading=\"lazy\" decoding=\"async\" class=\" wp-image-924 alignleft\" src=\"https:\/\/www.joysgolden.de\/wp-content\/uploads\/2026\/03\/07810e3a-1ae2-439b-b4b6-172ae4512c00-300x200.jpg\" alt=\"\" width=\"375\" height=\"250\" srcset=\"https:\/\/www.joysgolden.de\/wp-content\/uploads\/2026\/03\/07810e3a-1ae2-439b-b4b6-172ae4512c00-300x200.jpg 300w, https:\/\/www.joysgolden.de\/wp-content\/uploads\/2026\/03\/07810e3a-1ae2-439b-b4b6-172ae4512c00-1024x683.jpg 1024w, https:\/\/www.joysgolden.de\/wp-content\/uploads\/2026\/03\/07810e3a-1ae2-439b-b4b6-172ae4512c00-768x512.jpg 768w, https:\/\/www.joysgolden.de\/wp-content\/uploads\/2026\/03\/07810e3a-1ae2-439b-b4b6-172ae4512c00-1536x1024.jpg 1536w, https:\/\/www.joysgolden.de\/wp-content\/uploads\/2026\/03\/07810e3a-1ae2-439b-b4b6-172ae4512c00-2048x1365.jpg 2048w\" sizes=\"auto, (max-width: 375px) 100vw, 375px\" \/><\/strong><\/p>\r\n\r\n\r\n\r\n\r\n\r\n\r\n\r\n\r\n\r\n\r\n\r\n<ul class=\"wp-block-list\"><\/ul>\r\n<p><img loading=\"lazy\" decoding=\"async\" class=\"aligncenter  wp-image-925\" src=\"https:\/\/www.joysgolden.de\/wp-content\/uploads\/2026\/03\/a195e8a3-ad62-4e37-a9de-48a735396386-2-225x300.jpg\" alt=\"\" width=\"243\" height=\"324\" srcset=\"https:\/\/www.joysgolden.de\/wp-content\/uploads\/2026\/03\/a195e8a3-ad62-4e37-a9de-48a735396386-2-225x300.jpg 225w, https:\/\/www.joysgolden.de\/wp-content\/uploads\/2026\/03\/a195e8a3-ad62-4e37-a9de-48a735396386-2-768x1024.jpg 768w, https:\/\/www.joysgolden.de\/wp-content\/uploads\/2026\/03\/a195e8a3-ad62-4e37-a9de-48a735396386-2-1152x1536.jpg 1152w, https:\/\/www.joysgolden.de\/wp-content\/uploads\/2026\/03\/a195e8a3-ad62-4e37-a9de-48a735396386-2-1536x2048.jpg 1536w, https:\/\/www.joysgolden.de\/wp-content\/uploads\/2026\/03\/a195e8a3-ad62-4e37-a9de-48a735396386-2-scaled.jpg 1920w\" sizes=\"auto, (max-width: 243px) 100vw, 243px\" \/><\/p>\r\n<p>Hilas ist durch seine Souver\u00e4nit\u00e4t der Ruhepol im Hunderudel. Er hat eine absolute Best\u00e4ndigkeit. In seinem Job als Therapiebegleithund in der Logop\u00e4die ist Hilas klar und absolut fokussiert. Im Dummybereich apportiert er mit Freude. Hilas ist ein typischer Golden.<\/p>\r\n<ul>\r\n<li>Geboren: 17. M\u00e4rz 2019<\/li>\r\n\r\n\r\n\r\n<li>Zuchtbuchnummer: DRC-G 1941216<\/li>\r\n\r\n\r\n\r\n<li>Zuchtzulassung: 27.09.2021<\/li>\r\n\r\n\r\n\r\n<li>Formwert: vorz\u00fcglich<\/li>\r\n\r\n\r\n\r\n<li>ED: frei \/ frei<\/li>\r\n\r\n\r\n\r\n<li>HD: A1 \/ A1<\/li>\r\n\r\n\r\n\r\n<li>Augen: RD: frei ; PRA: frei ; Katarakt: frei vom 10.10.24<\/li>\r\n\r\n\r\n\r\n<li>Wesenstest: bestanden<\/li>\r\n\r\n\r\n\r\n<li>Pr\u00fcfungen: Wesenstest, JAS<\/li>\r\n\r\n\r\n\r\n<li>sonstige Befunde: Ichthyose frei , NCL5-Gentest: frei , GRMD-Gentest: frei<\/li>\r\n<\/ul>\r\n<p>&nbsp;<\/p>\r\n","protected":false},"excerpt":{"rendered":"<p>18.03.2026&nbsp;Hilas und Joy haben Hochzeit gefeiert. Wir sind happy!!! Nun hei\u00dft es warten, bis in 4 Wochen die Ultraschalluntersuchung folgt. 10.03.2026 &nbsp;Joy ist seit Montag l\u00e4ufig. Der R\u00fcde steht nun auch fest. Es ist Limetrees Golden Hilas. &nbsp; Wenn Sie Interesse an einem Welpen haben, k\u00f6nnen Sie gern mit uns in Kontakt treten. Wir freuen [&hellip;]<\/p>\n","protected":false},"author":2,"featured_media":0,"parent":0,"menu_order":0,"comment_status":"closed","ping_status":"closed","template":"","meta":{"ngg_post_thumbnail":0,"footnotes":""},"class_list":["post-877","page","type-page","status-publish","hentry"],"_links":{"self":[{"href":"https:\/\/www.joysgolden.de\/index.php?rest_route=\/wp\/v2\/pages\/877","targetHints":{"allow":["GET"]}}],"collection":[{"href":"https:\/\/www.joysgolden.de\/index.php?rest_route=\/wp\/v2\/pages"}],"about":[{"href":"https:\/\/www.joysgolden.de\/index.php?rest_route=\/wp\/v2\/types\/page"}],"author":[{"embeddable":true,"href":"https:\/\/www.joysgolden.de\/index.php?rest_route=\/wp\/v2\/users\/2"}],"replies":[{"embeddable":true,"href":"https:\/\/www.joysgolden.de\/index.php?rest_route=%2Fwp%2Fv2%2Fcomments&post=877"}],"version-history":[{"count":28,"href":"https:\/\/www.joysgolden.de\/index.php?rest_route=\/wp\/v2\/pages\/877\/revisions"}],"predecessor-version":[{"id":934,"href":"https:\/\/www.joysgolden.de\/index.php?rest_route=\/wp\/v2\/pages\/877\/revisions\/934"}],"wp:attachment":[{"href":"https:\/\/www.joysgolden.de\/index.php?rest_route=%2Fwp%2Fv2%2Fmedia&parent=877"}],"curies":[{"name":"wp","href":"https:\/\/api.w.org\/{rel}","templated":true}]}}